/2 + 787*i. Determine m(u).
-9
Let p(f) = -2*f + 10. Let q(u) = -u**3 + 14*u**2 - 20*u - 48. Let v be q(12). Calculate p(v).
10
Let f(c) = -6*c - c + 4*c + 63 - 67 - c**2. Let a = -1 + -23. Let d be 18/a - 9/4. Calculate f(d).
-4
Let v(l) be the third derivative of -1/2*l**3 - 3*l**2 + 1/120*l**5 + 0 + 0*l + 1/12*l**4. Let r(o) be the first derivative of v(o). What is r(-2)?
0
Let j(o) = 6*o - 4. Let k(a) = 7*a - 3. Let x be (-2)/((-24)/3) - 14/(-8). Let b be -4 + ((-3)/(-1) - 2). Let w(i) = b*j(i) + x*k(i). Calculate w(4).
-10
Let x(y) = 3*y + 1945*y**2 - 2*y - 1944*y**2 + 0*y. Give x(-2).
2
Let n(t) = 14*t**2 - 2*t + 13. Let f(h) = -7*h**2 + h - 6. Let y(p) = 13*f(p) + 6*n(p). What is y(1)?
-6
Suppose -5*r + 16 = 6. Let d be (-135)/(-90) - 1*1/(-2). Let y(f) = -f**2 + d*f + 406 - 202 - 206. What is y(r)?
-2
Let s be (2 - (-4 + 0))/(-2). Let n be s/(-3 - (-36)/15). Let k(o) = 3*o + 2. Give k(n).
17
Suppose -5*r - 3*k - 50 = -2*k, 4*k + 10 = -r. Let j(u) = u + 7. Let z be j(r). Let h(g) = 2*g + 1. Give h(z).
-5
Let n(w) = w**2 + 5*w - 1. Let y(q) = q - 13. Let g be y(9). Let s be n(g). Let d(u) be the first derivative of u**4/4 + 2*u**3 + 3*u**2/2 - 4*u + 3. Give d(s).
6
Let y(i) = 10*i + 2*i**2 + 2*i**2 - 12 - 5*i**2. What is y(11)?
-23
Let y(i) = -2*i - 1. Let w(u) = -4*u - 2. Let x(q) = 3*w(q) - 5*y(q). Suppose 0 = o + 5*h - 8, -9 = -2*o - 3*h - 0*h. Give x(o).
-7
Suppose 0 = k + 3*k - 24. Suppose -1 + 26 = 5*g, 0 = 2*x + 2*g - k. Let f(p) = -3*p. Give f(x).
6
Let p(y) = 3*y**3 + 9*y**2 + 14*y - 9. Let l(z) = -2*z**3 - 10*z**2 - 14*z + 8. Let a(c) = -4*l(c) - 3*p(c). Determine a(14).
-5
Let o(c) be the second derivative of c**5/20 - 11*c**4/12 + c**3/6 - 11*c**2/2 + 126*c. Calculate o(11).
0
Let x(l) = l**3 + 7*l**2 - 6*l - 6. Let w be x(-6). Suppose -3*n = -14*n + w. Let v(r) = -r**3 + 7*r**2 - 5*r - 3. Determine v(n).
3
Let y = -23 + 17. Let k(a) = 0*a**2 - a**2 - 22*a + 3 + 18*a. Give k(y).
-9
Let a = -4083 - -4077. Let j(g) = -3*g + 3 - g**2 - 2 + 1. What is j(a)?
-16
Let d = 516 - 514. Let i(p) be the first derivative of d*p**3 + 0*p**2 + 1/4*p**4 - 7 + p. Calculate i(-6).
1
Let p be (0/2 + -2)*-3. Let z(r) be the first derivative of -r**2/2 + r + 41. Calculate z(p).
-5
Let s = 9 - 4. Let o(a) = 3*a**3 - 12*a**2 - 7*a + 26. Let c(h) = 2*h + 50 - h**3 - 59 + 2*h**2 + 2*h**2. Let m(j) = 17*c(j) + 6*o(j). Determine m(s).
-12
Let u(m) = -1. Let q(y) be the first derivative of -2*y**2 + y + 33. Let s(c) = q(c) + 2*u(c). What is s(-2)?
7
Let r be 4/(-18) + (-140)/(-63). Let k(o) = -6 + o**2 - 5*o**2 + 5*o + o**2 + r*o**2. Give k(5).
-6
Let l be (-2)/5*(-7 + -3). Let a(b) = 1 + l*b - 3*b + b**2 + 7*b**3 + b. Suppose -f + 4 - 5 = 0. Determine a(f).
-7
Let f(y) = -y + 2. Let i be f(1). Let w(x) = -2*x**3 + 2*x + 3*x**3 - 11*x**3 + x**3 - 1. Give w(i).
-8
Let t(f) = f - 19. Let c(m) = -2*m**2 - 22*m - 27. Let j be c(-9). Calculate t(j).
-10
Let y be -1 + -3 - 6/(-2 + 0). Let q(s) = 31*s + 1. What is q(y)?
-30
Let m(o) = -o**3 + 10*o**2 - 9*o + 10. Suppose 0 = n - 347 + 337. What is m(n)?
-80
Let s(i) be the second derivative of -i**3/6 + 5*i**2 + i. Let u(x) = -15*x + 341. Let b be u(22). What is s(b)?
-1
Let i = -7 - -13. Let o be 1/(-6) - 776/(-48). Let p(f) = 4*f + 2*f - 7*f + o - 3. Determine p(i).
7
Let c be (0 - 1) + 3/1. Suppose n = -g - 4*n + 1, 2 = c*g - 5*n. Let u be 5/(1/(g - 0)). Let o(y) = y**3 - 6*y**2 + 4*y + 4. Give o(u).
-1
Let c be (-4)/(-28) + 414/42. Let f(d) = 6*d**2 - 5 + d**3 + c*d - 10*d. Calculate f(-6).
-5
Let x = -718 + 715. Let g(i) = -2*i**3 - 3*i**2 - i - 1. Give g(x).
29
Let t(d) = -d**3 - 8*d**2 - 8*d - 6. Suppose 3*w - 4*w + 2*o = -10, -2*w = o. Let a be (56/4)/(w/(-1)). Give t(a).
1
Let u(t) = -t**2 + 5*t + 5. Let q = -45 - -72. Let f = -22 + q. Give u(f).
5
Let w(d) be the first derivative of -4*d**2 - d + 1. Let a(c) = 23*c - 56. Let q be a(-6). Let p = q + 195. Calculate w(p).
-9
Let z(h) = 49 - 45 - 4*h**2 - h**2 - 6 - 2. Calculate z(-2).
-24
Let b(x) = x**2 - 2*x - 10. Let z be 0/((-1)/((24/16)/3)). Give b(z).
-10
Let m = 134 + -148. Let v(w) = w + 19. Let t be v(m). Let l(n) = -3 + 0*n**2 + 4*n - n**2 + n. What is l(t)?
-3
Let m(j) = j**3 - 6*j**2 - 5*j + 2. Let c(y) = 5*y**3 - 30*y**2 - 25*y + 11. Let a(k) = 2*c(k) - 11*m(k). What is a(6)?
30
Let k be (6*-1 - -3)/(-3). Let q(h) = k - 16*h**3 + 1 + 20*h**3 - 2*h. Let x(j) = 11*j**3 + j**2 - 6*j + 7. Let r(n) = 8*q(n) - 3*x(n). Calculate r(-4).
3
Suppose 4*x = b + 8, 0 = 4*b - 2*b. Let f(h) be the second derivative of 1/3*h**3 - 1/2*h**x + 0 - 7*h. Calculate f(-1).
-3
Let i(j) = -3*j**2 + 41*j + 48. Let f(o) be the first derivative of 2*o**3/3 - 27*o**2/2 - 32*o + 21. Let a(s) = -8*f(s) - 5*i(s). Give a(12).
4
Let n(v) = 9*v**2 - v + 3. Let f(z) = 25*z**2 - 5*z + 9. Let r(b) = -4*f(b) + 11*n(b). Let l(d) = d**3 - d**2. Let j be l(3). Let s = j + -10. Calculate r(s).
5
Let a(l) be the first derivative of -2*l**2 - 2*l + 1. Let u = -16 + 18. Suppose 3*n - u = -5*x, n = -3*x - 3*n + 10. Calculate a(x).
6
Let j(g) = -4 - 11*g + g**3 - 3*g**2 - 16*g + 25*g. Suppose 0*l = -2*l + 18. Let y = l + -5. Calculate j(y).
4
Let a(r) = r**2 + 1. Let o be a(2). Let v(w) = -4*w - 2 + 1 + o*w. Suppose 5*x + 9 + 21 = 0. Give v(x).
-7
Let b(q) = 6*q - 5*q - 7*q - 36*q. Give b(-1).
42
Let k(z) be the third derivative of z**5/60 - 5*z**4/24 + z**3 + 19*z**2. Determine k(6).
12
Let b(v) = -v**2 + v - 1. Let s(d) = -d**3 - 3*d**2 - 2*d - 4. Let o be s(-3). Let q(x) = -x**2 + x. Let l be q(o). What is b(l)?
-7
Let z(c) = 2*c + 12. Let a be (-3 - -4)*-2 + 2. What is z(a)?
12
Let p(l) = 6*l - 9. Let z(y) = -4*y - 17. Let c be z(-5). Let r(v) = -2*v + 3. Let m(i) = c*p(i) + 8*r(i). Calculate m(2).
1
Let t(o) = -o**3 + 10*o**2 - 9*o - 4. Let f be t(9). Let y(x) be the second derivative of -x**4/12 - 5*x**3/6 - 3*x**2/2 + 155*x. What is y(f)?
1
Let n be (-14)/(-3) + 30/(-18). Suppose -2*b + n - 7 = o, 0 = -4*o + 2*b + 14. Let x(f) = f**3 - 2*f**2 + f - 2. Calculate x(o).
0
Let g(k) = 0*k - k**2 - 2*k + 7 - 3*k. Suppose i - 5*v - 59 + 39 = 0, -i = -v. What is g(i)?
7
Suppose -v = -3*v + 4*m, 0 = -4*v + 4*m + 4. Suppose -x + 3*h = 7, x + v = 2*h - 3. Let s(l) = -4*l**3 + l**2 + l. What is s(x)?
4
Suppose 3*r = 2*r - 3, 5*y + 2*r - 14 = 0. Suppose 13 = y*i + 1. Let k(u) = -3*u**3 + 3*u + u**3 - 2*u + 3*u**i + 13. What is k(0)?
13
Let p(a) = 16*a - 1. Let h(s) = 30*s - 2. Let z(v) = 3*h(v) - 5*p(v). Calculate z(1).
9
Let o(z) = -7*z**3 - 11*z**2 + 11*z - 20. Let q(k) be the first derivative of k**4 + 2*k**3 - 3*k**2 + 11*k - 27. Let f(i) = -6*o(i) - 11*q(i). Give f(1).
-3
Let d be (17/17)/(1/12*-2). Let c(i) = -i + 6. What is c(d)?
12
Let g(f) be the second derivative of 3*f**5/4 - f**4/6 + f**2/2 + 75*f. Determine g(1).
14
Suppose -4*j + 23 = -0*j + 3*n, 3*n - 7 = -2*j. Let w(p) = -2*p + 13 - 4 + p**2 - j. Give w(2).
1
Suppose 2*h + 3 = 3*v - 0, -v + 2*h + 5 = 0. Let m = 3 + v. Let a(u) be the second derivative of u**5/20 - u**4/12 - u**2/2 + u + 66. What is a(m)?
3
Let u(i) = -23*i**3 - 2*i**2 + 3*i + 4. Let y(c) = 31*c**3 + 2*c**2 - 5*c - 4. Let p(h) = 4*u(h) + 3*y(h). Let o(g) = 3*g. Let m be o(1). Determine p(m).
4
Let m(d) = -d**3 - 6*d**2 - 5*d - 2. Let k = 24 + -18. Suppose k = -3*s + 3. Let j be (-11 - s)/(2*1). Calculate m(j).
-2
Suppose -5 = -2*m - 1. Let n(l) = 2*l - 13*l**m + 1 - 2*l**2 + l**2. Let z(o) = o**3 + 8*o**2 - 8*o + 119. Let x be z(-10). Give n(x).
-15
Let g(y) = -5*y - 7*y**3 + 7 + y**3 - y + 5*y**3 - 7*y**2. Determine g(-6).
7
Let b(y) = y**3 + 5*y**2 + 3*y + 7. Let g be b(-4). Suppose -g = -f - 0*f. Suppose f = -2*s - 1. Let i(l) = -l - 6. Give i(s).
0
Let d(b) = b + 3. Suppose -x - 4*q - 8 = -3, 4*x = 3*q - 58. What is d(x)?
-10
Let r(q) = q**2. Let d(b) = 43*b**3 - 3*b**2 - 1. Let c(o) = d(o) + 3*r(o). Determine c(-1).
-44
Let i(q) be the first derivative of q**4/4 + q**3/3 - q**2/2 + 4*q + 3. Suppose 2*o + 2 = -2*u, -4*o + 2 + 3 = -5*u. Give i(o).
4
Let p be (-8)/(-18)*-3*168/(-16). Let l be p*(3/2 - 2). Let a(n) = n**2 + 5*n - 4. What is a(l)?
10
Let s(j) = 5*j + 2*j**2 - 29 - j**2 - 29 - 20*j + 16. Calculate s(17).
-8
Let u(d) be the third derivative of -d**8/10080 - d**7/1260 - d**6/360 - 7*d**5/15 - 4*d**2 - 3*d. Let x(h) be the third derivative of u(h